{"id":1583,"date":"2015-09-03T15:24:21","date_gmt":"2015-09-03T13:24:21","guid":{"rendered":"http:\/\/www.mi.uni-koeln.de\/wp-MIEDV\/?page_id=1583"},"modified":"2020-06-09T15:12:44","modified_gmt":"2020-06-09T13:12:44","slug":"matlab-fuer-studierende","status":"publish","type":"page","link":"http:\/\/www.mi.uni-koeln.de\/wp-MIEDV\/matlab\/matlab-fuer-studierende\/","title":{"rendered":"Matlab f\u00fcr Studierende und Mitarbeiter (Campuslizenz)"},"content":{"rendered":"<p>Seit Anfang Juni 2020 gibt es f\u00fcr Studierende und\u00a0 Mitarbeiter der Abteilung Mathematik sowie alle weiteren Angeh\u00f6rigen der Universit\u00e4t zu K\u00f6ln eine frei zug\u00e4ngliche <strong>Campuslizenz von Matlab<\/strong>.<\/p>\n<p>N\u00e4here Informationen hierzu unter der folgenden URL der Firma Mathworks:<\/p>\n<p><a href=\"https:\/\/de.mathworks.com\/academia\/tah-portal\/universitaet-zu-koeln-31077261.html\">https:\/\/de.mathworks.com\/academia\/tah-portal\/universitaet-zu-koeln-31077261.html<\/a><\/p>\n<p>Die Seite ist (Stand Juni 2020) im Aufbau und wird laufend aktualisiert. Nach Registrierung bei Mathworks mit Ihrer E-Mail Adresse der Uni K\u00f6ln sind Downloads und Lehrmaterialien verf\u00fcgbar.<\/p>\n<p>Sie ben\u00f6tigen einen Mathworks Account (zu erstellen auf<br \/>\n<a href=\"https:\/\/de.mathworks.com\/mwaccount\/\">https:\/\/de.mathworks.com\/mwaccount\/<\/a>, wenn Sie noch keinen besitzen).<br \/>\nF\u00fcr diesen Account ben\u00f6tigen Sie Ihren &#8230;uni-koeln.de Mail-Account.<br \/>\nMit dem Mathworks Account k\u00f6nnen Sie sich einloggen und finden das<br \/>\nganze Angebot.<\/p>\n","protected":false},"excerpt":{"rendered":"<p>Seit Anfang Juni 2020 gibt es f\u00fcr Studierende und\u00a0 Mitarbeiter der Abteilung Mathematik sowie alle weiteren Angeh\u00f6rigen der Universit\u00e4t zu K\u00f6ln eine frei zug\u00e4ngliche Campuslizenz von Matlab. N\u00e4here Informationen hierzu unter der folgenden URL der Firma Mathworks: https:\/\/de.mathworks.com\/academia\/tah-portal\/universitaet-zu-koeln-31077261.html Die Seite ist (Stand Juni 2020) im Aufbau und wird laufend aktualisiert. Nach Registrierung bei Mathworks mit &hellip; <a href=\"http:\/\/www.mi.uni-koeln.de\/wp-MIEDV\/matlab\/matlab-fuer-studierende\/\" class=\"more-link\"><span class=\"screen-reader-text\">&#8222;Matlab f\u00fcr Studierende und Mitarbeiter (Campuslizenz)&#8220; <\/span>weiterlesen<\/a><\/p>\n","protected":false},"author":1,"featured_media":0,"parent":1579,"menu_order":0,"comment_status":"closed","ping_status":"closed","template":"","meta":{"footnotes":""},"class_list":["post-1583","page","type-page","status-publish","hentry"],"post_mailing_queue_ids":[],"_links":{"self":[{"href":"http:\/\/www.mi.uni-koeln.de\/wp-MIEDV\/wp-json\/wp\/v2\/pages\/1583","targetHints":{"allow":["GET"]}}],"collection":[{"href":"http:\/\/www.mi.uni-koeln.de\/wp-MIEDV\/wp-json\/wp\/v2\/pages"}],"about":[{"href":"http:\/\/www.mi.uni-koeln.de\/wp-MIEDV\/wp-json\/wp\/v2\/types\/page"}],"author":[{"embeddable":true,"href":"http:\/\/www.mi.uni-koeln.de\/wp-MIEDV\/wp-json\/wp\/v2\/users\/1"}],"replies":[{"embeddable":true,"href":"http:\/\/www.mi.uni-koeln.de\/wp-MIEDV\/wp-json\/wp\/v2\/comments?post=1583"}],"version-history":[{"count":10,"href":"http:\/\/www.mi.uni-koeln.de\/wp-MIEDV\/wp-json\/wp\/v2\/pages\/1583\/revisions"}],"predecessor-version":[{"id":2397,"href":"http:\/\/www.mi.uni-koeln.de\/wp-MIEDV\/wp-json\/wp\/v2\/pages\/1583\/revisions\/2397"}],"up":[{"embeddable":true,"href":"http:\/\/www.mi.uni-koeln.de\/wp-MIEDV\/wp-json\/wp\/v2\/pages\/1579"}],"wp:attachment":[{"href":"http:\/\/www.mi.uni-koeln.de\/wp-MIEDV\/wp-json\/wp\/v2\/media?parent=1583"}],"curies":[{"name":"wp","href":"https:\/\/api.w.org\/{rel}","templated":true}]}}