{"id":1645,"date":"2015-09-08T09:32:18","date_gmt":"2015-09-08T07:32:18","guid":{"rendered":"http:\/\/www.mi.uni-koeln.de\/wp-MIEDV\/?page_id=1645"},"modified":"2015-09-08T14:45:24","modified_gmt":"2015-09-08T12:45:24","slug":"latex","status":"publish","type":"page","link":"http:\/\/www.mi.uni-koeln.de\/wp-MIEDV\/latex\/","title":{"rendered":"TeX\/LaTeX"},"content":{"rendered":"<h1>Was ist TeX? Was ist LaTeX?<\/h1>\n<p><strong>TeX<\/strong> (sprich &#8222;tech&#8220;)\u00a0 ist das von Donald E. Knuth an der Stanford University entwickelte <em>Textsatzsystem<\/em> zur Erstellung qualitativ hochwertiger Dokumente. Insbesondere ist TeX f\u00fcr Dokumente geeignet, die zahlreiche\u00a0<u>mathematische Formeln<\/u> enthalten. Die typographische Qualit\u00e4t ist mit dem feinsten Buchdrucksatz vergleichbar. Erm\u00f6glicht wird dies durch die M\u00e4chtigkeit des Formatierers. Dem Benutzer stehen zahlreiche Zeichens\u00e4tze zur Verf\u00fcgung, sowie \u00fcber 900 Kommandos.<\/p>\n<p><strong> LaTeX<\/strong> (sprich &#8222;Lah-tech&#8220;) ist ein Textsatzsystem, das sich insbesondere f\u00fcr die &#8222;druckreife&#8220; Erstellung von wissenschaftlichen Dokumenten eignet, die mathematische Formeln enthalten. In LaTeX stehen dem Benutzer mehrere professionell gestaltete Layouts zur Verf\u00fcgung, die ihn bei der Erstellung von verschiedenen Arten von Schriftst\u00fccken unterst\u00fctzen &#8211; von einfachen Briefen und Artikeln bis hin zu kompletten B\u00fcchern. Der Anwender hat dar\u00fcberhinaus die M\u00f6glichkeit, eigene Layouts zu definieren oder vorhandene an seine Bed\u00fcrfnisse anzupassen. Um ein LaTeX-Dokument zu erstellen, muss der Anwender einige wenige, leicht verst\u00e4ndliche Befehle angeben, die die logische Struktur des Dokumentes betreffen. Es ist nicht n\u00f6tig, dass er sich um Details der drucktechnischen Gestaltung, wie Absatzformatierung, Blocksatz, Zeilenl\u00e4nge und Zeilenabstand k\u00fcmmert. Auch komplexe Strukturen wie Fu\u00dfnoten, Inhaltsverzeichnisse, Literaturangaben, Tabellen, Aufz\u00e4hlungen und sogar einfache Zeichnungen k\u00f6nnen ohne gro\u00dfen Aufwand erstellt werden<\/p>\n<p>Alle Distributionen und n\u00fctzliche Editoren findet Sie auf unserer <a href=\"http:\/\/www.mi.uni-koeln.de\/wp-MIEDV\/unser-serviceangebot\/die-latex-dvd-der-edv-mathematik\/\">LaTeX-CD<\/a>.<\/p>\n<p><a href=\"https:\/\/de.wikipedia.org\/wiki\/TeX\">Weitere Informationen zu TeX<\/a><\/p>\n<p><a href=\"https:\/\/de.wikipedia.org\/wiki\/LaTeX\">Weitere Informationen zu LaTeX<\/a><\/p>\n","protected":false},"excerpt":{"rendered":"<p>Was ist TeX? Was ist LaTeX? TeX (sprich &#8222;tech&#8220;)\u00a0 ist das von Donald E. Knuth an der Stanford University entwickelte Textsatzsystem zur Erstellung qualitativ hochwertiger Dokumente. Insbesondere ist TeX f\u00fcr Dokumente geeignet, die zahlreiche\u00a0mathematische Formeln enthalten. Die typographische Qualit\u00e4t ist mit dem feinsten Buchdrucksatz vergleichbar. Erm\u00f6glicht wird dies durch die M\u00e4chtigkeit des Formatierers. Dem Benutzer &hellip; <a href=\"http:\/\/www.mi.uni-koeln.de\/wp-MIEDV\/latex\/\" class=\"more-link\"><span class=\"screen-reader-text\">&#8222;TeX\/LaTeX&#8220; <\/span>weiterlesen<\/a><\/p>\n","protected":false},"author":1,"featured_media":0,"parent":0,"menu_order":0,"comment_status":"closed","ping_status":"closed","template":"sidebar-page.php","meta":{"footnotes":""},"class_list":["post-1645","page","type-page","status-publish","hentry"],"post_mailing_queue_ids":[],"_links":{"self":[{"href":"http:\/\/www.mi.uni-koeln.de\/wp-MIEDV\/wp-json\/wp\/v2\/pages\/1645","targetHints":{"allow":["GET"]}}],"collection":[{"href":"http:\/\/www.mi.uni-koeln.de\/wp-MIEDV\/wp-json\/wp\/v2\/pages"}],"about":[{"href":"http:\/\/www.mi.uni-koeln.de\/wp-MIEDV\/wp-json\/wp\/v2\/types\/page"}],"author":[{"embeddable":true,"href":"http:\/\/www.mi.uni-koeln.de\/wp-MIEDV\/wp-json\/wp\/v2\/users\/1"}],"replies":[{"embeddable":true,"href":"http:\/\/www.mi.uni-koeln.de\/wp-MIEDV\/wp-json\/wp\/v2\/comments?post=1645"}],"version-history":[{"count":4,"href":"http:\/\/www.mi.uni-koeln.de\/wp-MIEDV\/wp-json\/wp\/v2\/pages\/1645\/revisions"}],"predecessor-version":[{"id":1679,"href":"http:\/\/www.mi.uni-koeln.de\/wp-MIEDV\/wp-json\/wp\/v2\/pages\/1645\/revisions\/1679"}],"wp:attachment":[{"href":"http:\/\/www.mi.uni-koeln.de\/wp-MIEDV\/wp-json\/wp\/v2\/media?parent=1645"}],"curies":[{"name":"wp","href":"https:\/\/api.w.org\/{rel}","templated":true}]}}