{"id":1650,"date":"2015-09-08T11:03:57","date_gmt":"2015-09-08T09:03:57","guid":{"rendered":"http:\/\/www.mi.uni-koeln.de\/wp-MIEDV\/?page_id=1650"},"modified":"2015-09-18T16:00:21","modified_gmt":"2015-09-18T14:00:21","slug":"microsoft-betriebssysteme","status":"publish","type":"page","link":"http:\/\/www.mi.uni-koeln.de\/wp-MIEDV\/latex\/microsoft-betriebssysteme\/","title":{"rendered":"Microsoft-Betriebssysteme"},"content":{"rendered":"<p>Um mit TeX beziehungsweise mit LaTeX arbeiten zu k\u00f6nnen, ben\u00f6tigen Sie eine TeX-Distribution. Unter Windows k\u00f6nnen Sie das kostenlose Programm <a href=\"http:\/\/www.miktex.org\/\">MiKTeX<\/a>\u00a0verwenden.<\/p>\n<h1>LaTeX mit MiKTeX<\/h1>\n<h2>Installation von MiKTeX<\/h2>\n<ul>\n<li>Laden Sie die Distribution MiKTeX\u00a0herunter. Alternativ finden Sie diese auch auf der <a href=\"http:\/\/www.mi.uni-koeln.de\/wp-MIEDV\/unser-serviceangebot\/die-latex-dvd-der-edv-mathematik\/\">LaTeX-CD<\/a> der EDV-Abteilung.<\/li>\n<li>Folgen Sie der Installationsanweisung.<\/li>\n<li>Werden Sie gefragt fehlende Pakete\/Packages nebenher zu installieren, empfehlen wir die Auswahl &#8222;Ask me first&#8220; auszuw\u00e4hlen.<br \/>\n<img loading=\"lazy\" decoding=\"async\" class=\"aligncenter size-full wp-image-1654\" src=\"http:\/\/www.mi.uni-koeln.de\/wp-MIEDV\/wp-content\/uploads\/2015\/09\/basic-miktex-settings-2-9.png\" alt=\"basic-miktex-settings-2-9\" width=\"400\" height=\"309\" srcset=\"http:\/\/www.mi.uni-koeln.de\/wp-MIEDV\/wp-content\/uploads\/2015\/09\/basic-miktex-settings-2-9.png 400w, http:\/\/www.mi.uni-koeln.de\/wp-MIEDV\/wp-content\/uploads\/2015\/09\/basic-miktex-settings-2-9-300x232.png 300w, http:\/\/www.mi.uni-koeln.de\/wp-MIEDV\/wp-content\/uploads\/2015\/09\/basic-miktex-settings-2-9-388x300.png 388w\" sizes=\"auto, (max-width: 400px) 85vw, 400px\" \/><\/li>\n<\/ul>\n<h2>Aktualisierung von MikTeX<\/h2>\n<p>TeX wird st\u00e4ndig weiterentwickelt, sodass Sie die Distribution regelm\u00e4\u00dfig aktualisieren sollten.<\/p>\n<p>Unter <em>[Start] &gt; [Programme] &gt; [MiKTeX-Progrtammordner] &gt; [Maintenance (Admin)} &gt; Updatate (Admin)<\/em> finden Sie die M\u00f6glichkeit MiKTeX zu aktualisieren.<br \/>\nFolgen Sie dann bitte den Anweisungen.<\/p>\n<p>&nbsp;<\/p>\n","protected":false},"excerpt":{"rendered":"<p>Um mit TeX beziehungsweise mit LaTeX arbeiten zu k\u00f6nnen, ben\u00f6tigen Sie eine TeX-Distribution. Unter Windows k\u00f6nnen Sie das kostenlose Programm MiKTeX\u00a0verwenden. LaTeX mit MiKTeX Installation von MiKTeX Laden Sie die Distribution MiKTeX\u00a0herunter. Alternativ finden Sie diese auch auf der LaTeX-CD der EDV-Abteilung. Folgen Sie der Installationsanweisung. Werden Sie gefragt fehlende Pakete\/Packages nebenher zu installieren, empfehlen &hellip; <a href=\"http:\/\/www.mi.uni-koeln.de\/wp-MIEDV\/latex\/microsoft-betriebssysteme\/\" class=\"more-link\"><span class=\"screen-reader-text\">&#8222;Microsoft-Betriebssysteme&#8220; <\/span>weiterlesen<\/a><\/p>\n","protected":false},"author":1,"featured_media":0,"parent":1645,"menu_order":0,"comment_status":"closed","ping_status":"closed","template":"sidebar-page.php","meta":{"footnotes":""},"class_list":["post-1650","page","type-page","status-publish","hentry"],"post_mailing_queue_ids":[],"_links":{"self":[{"href":"http:\/\/www.mi.uni-koeln.de\/wp-MIEDV\/wp-json\/wp\/v2\/pages\/1650","targetHints":{"allow":["GET"]}}],"collection":[{"href":"http:\/\/www.mi.uni-koeln.de\/wp-MIEDV\/wp-json\/wp\/v2\/pages"}],"about":[{"href":"http:\/\/www.mi.uni-koeln.de\/wp-MIEDV\/wp-json\/wp\/v2\/types\/page"}],"author":[{"embeddable":true,"href":"http:\/\/www.mi.uni-koeln.de\/wp-MIEDV\/wp-json\/wp\/v2\/users\/1"}],"replies":[{"embeddable":true,"href":"http:\/\/www.mi.uni-koeln.de\/wp-MIEDV\/wp-json\/wp\/v2\/comments?post=1650"}],"version-history":[{"count":5,"href":"http:\/\/www.mi.uni-koeln.de\/wp-MIEDV\/wp-json\/wp\/v2\/pages\/1650\/revisions"}],"predecessor-version":[{"id":1846,"href":"http:\/\/www.mi.uni-koeln.de\/wp-MIEDV\/wp-json\/wp\/v2\/pages\/1650\/revisions\/1846"}],"up":[{"embeddable":true,"href":"http:\/\/www.mi.uni-koeln.de\/wp-MIEDV\/wp-json\/wp\/v2\/pages\/1645"}],"wp:attachment":[{"href":"http:\/\/www.mi.uni-koeln.de\/wp-MIEDV\/wp-json\/wp\/v2\/media?parent=1650"}],"curies":[{"name":"wp","href":"https:\/\/api.w.org\/{rel}","templated":true}]}}