{"id":1656,"date":"2015-09-08T12:54:15","date_gmt":"2015-09-08T10:54:15","guid":{"rendered":"http:\/\/www.mi.uni-koeln.de\/wp-MIEDV\/?page_id=1656"},"modified":"2015-09-08T14:22:11","modified_gmt":"2015-09-08T12:22:11","slug":"linux-und-unix","status":"publish","type":"page","link":"http:\/\/www.mi.uni-koeln.de\/wp-MIEDV\/latex\/linux-und-unix\/","title":{"rendered":"Linux und Unix"},"content":{"rendered":"<p>Die Voraussetzung, um LaTeX unter Linux zu verwenden, ist wie unter Windows eine funktionierende TeX-Distribution. Diese stellt alle ben\u00f6tigten Komponenten, wie beispielsweise Pakete oder Compiler, zur Verf\u00fcgung. Die \u00fcbliche TeX-Distribution f\u00fcr Linux ist <a href=\"http:\/\/tug.org\/texlive\/\">TeX Live<\/a>.<\/p>\n<h2>Installation von TeX Live<\/h2>\n<p>Um Tex Live vollst\u00e4ndig zu installieren verwendet man im Terminal folgenden Befehl:<br \/>\n<code> <\/code><\/p>\n<p><code>sudo apt-get install texlive-full<br \/>\n<\/code><\/p>\n<p>Durch das universelle Paket werden mehrere hundert Megabyte heruntergeladen, da alle Sprachdateien mit installiert werden.<\/p>\n<p>Eine Alternative zur universellen TeX-Distribution ist unter Linux folgende Pakete zu installieren:<\/p>\n<ul>\n<li><strong>texlive<\/strong> (beinhaltet ein vollst\u00e4ndiges TeX-System)<\/li>\n<li><strong>texlive-lang-german<\/strong> (beinhaltet das deutsche Sprachpaket)<\/li>\n<li><strong>texlive-latex-extra<\/strong> (installiert viele zus\u00e4tzliche LaTeX-Pakete)<\/li>\n<\/ul>\n<p>Um diese Pakete zu installieren benutzt man folgenden Befehl im Terminal:<\/p>\n<p><code>sudo apt-get install texlive texlive-lang-german texlive-latex-extra <\/code><\/p>\n","protected":false},"excerpt":{"rendered":"<p>Die Voraussetzung, um LaTeX unter Linux zu verwenden, ist wie unter Windows eine funktionierende TeX-Distribution. Diese stellt alle ben\u00f6tigten Komponenten, wie beispielsweise Pakete oder Compiler, zur Verf\u00fcgung. Die \u00fcbliche TeX-Distribution f\u00fcr Linux ist TeX Live. Installation von TeX Live Um Tex Live vollst\u00e4ndig zu installieren verwendet man im Terminal folgenden Befehl: sudo apt-get install texlive-full &hellip; <a href=\"http:\/\/www.mi.uni-koeln.de\/wp-MIEDV\/latex\/linux-und-unix\/\" class=\"more-link\"><span class=\"screen-reader-text\">&#8222;Linux und Unix&#8220; <\/span>weiterlesen<\/a><\/p>\n","protected":false},"author":1,"featured_media":0,"parent":1645,"menu_order":0,"comment_status":"closed","ping_status":"closed","template":"sidebar-page.php","meta":{"footnotes":""},"class_list":["post-1656","page","type-page","status-publish","hentry"],"post_mailing_queue_ids":[],"_links":{"self":[{"href":"http:\/\/www.mi.uni-koeln.de\/wp-MIEDV\/wp-json\/wp\/v2\/pages\/1656","targetHints":{"allow":["GET"]}}],"collection":[{"href":"http:\/\/www.mi.uni-koeln.de\/wp-MIEDV\/wp-json\/wp\/v2\/pages"}],"about":[{"href":"http:\/\/www.mi.uni-koeln.de\/wp-MIEDV\/wp-json\/wp\/v2\/types\/page"}],"author":[{"embeddable":true,"href":"http:\/\/www.mi.uni-koeln.de\/wp-MIEDV\/wp-json\/wp\/v2\/users\/1"}],"replies":[{"embeddable":true,"href":"http:\/\/www.mi.uni-koeln.de\/wp-MIEDV\/wp-json\/wp\/v2\/comments?post=1656"}],"version-history":[{"count":4,"href":"http:\/\/www.mi.uni-koeln.de\/wp-MIEDV\/wp-json\/wp\/v2\/pages\/1656\/revisions"}],"predecessor-version":[{"id":1661,"href":"http:\/\/www.mi.uni-koeln.de\/wp-MIEDV\/wp-json\/wp\/v2\/pages\/1656\/revisions\/1661"}],"up":[{"embeddable":true,"href":"http:\/\/www.mi.uni-koeln.de\/wp-MIEDV\/wp-json\/wp\/v2\/pages\/1645"}],"wp:attachment":[{"href":"http:\/\/www.mi.uni-koeln.de\/wp-MIEDV\/wp-json\/wp\/v2\/media?parent=1656"}],"curies":[{"name":"wp","href":"https:\/\/api.w.org\/{rel}","templated":true}]}}