{"id":2109,"date":"2016-04-13T10:55:48","date_gmt":"2016-04-13T08:55:48","guid":{"rendered":"http:\/\/www.mi.uni-koeln.de\/wp-MIEDV\/?page_id=2109"},"modified":"2016-05-11T12:57:55","modified_gmt":"2016-05-11T10:57:55","slug":"pdf-dateien-austauschen-und-bearbeiten","status":"publish","type":"page","link":"http:\/\/www.mi.uni-koeln.de\/wp-MIEDV\/unser-serviceangebot\/pdf-dateien-austauschen-und-bearbeiten\/","title":{"rendered":"(PDF-)Dateien austauschen und bearbeiten"},"content":{"rendered":"<p>Geplant ist die Bereitstellung von PDF-Dateien \u00fcber einem Desktop-Rechner. An einem iPad sollen diese dann bearbeitet und anschlie\u00dfend wieder zur Verf\u00fcgung gestellt werden.<br \/>\nDie App <a href=\"https:\/\/itunes.apple.com\/de\/app\/onedrive-cloudspeicher-fur\/id477537958?mt=8\" target=\"_blank\">OneDrive <\/a>bietet sich daf\u00fcr insbesondere an, da sich direkt in ihr \u00c4nderungen vornehmen lassen ohne die Dateien in externen Applikationen \u00f6ffnen zu m\u00fcssen. F\u00fcr den Austausch der Dateien wird f\u00fcr den Vorgang dabei jeweils ein Microsoft-Konto ben\u00f6tigt. Dem Benutzer stehen insgesamt <strong>15 GB<\/strong> Speicherplatz zur Verf\u00fcgung.<\/p>\n<p>Zu Beginn wird ein neuer Ordner (oder auch mehrere) erstellt und f\u00fcr den Benutzer des iPads freigegeben:<\/p>\n<p><a href=\"http:\/\/www.mi.uni-koeln.de\/wp-MIEDV\/wp-content\/uploads\/2016\/04\/1.jpg\" rel=\"attachment wp-att-2111\"><img loading=\"lazy\" decoding=\"async\" class=\"alignnone size-medium wp-image-2111\" src=\"http:\/\/www.mi.uni-koeln.de\/wp-MIEDV\/wp-content\/uploads\/2016\/04\/1-300x207.jpg\" alt=\"1\" width=\"300\" height=\"207\" srcset=\"http:\/\/www.mi.uni-koeln.de\/wp-MIEDV\/wp-content\/uploads\/2016\/04\/1-300x207.jpg 300w, http:\/\/www.mi.uni-koeln.de\/wp-MIEDV\/wp-content\/uploads\/2016\/04\/1-768x531.jpg 768w, http:\/\/www.mi.uni-koeln.de\/wp-MIEDV\/wp-content\/uploads\/2016\/04\/1-500x345.jpg 500w, http:\/\/www.mi.uni-koeln.de\/wp-MIEDV\/wp-content\/uploads\/2016\/04\/1-434x300.jpg 434w, http:\/\/www.mi.uni-koeln.de\/wp-MIEDV\/wp-content\/uploads\/2016\/04\/1.jpg 870w\" sizes=\"auto, (max-width: 300px) 85vw, 300px\" \/><\/a><\/p>\n<p>Dieser kann den so freigegebenen Ordner jetzt mit der App <a href=\"https:\/\/itunes.apple.com\/de\/app\/onedrive-cloudspeicher-fur\/id477537958?mt=8\" target=\"_blank\">Onedrive<\/a> auf seinem iPad unter dem Reiter &#8218;<em>Freigegeben&#8216;<\/em> finden und dort auf die gespeicherten Dateien zugreifen.<\/p>\n<p>Anschlie\u00dfend kann die Datei mit dem programmeigenen Editor ge\u00f6ffnet und direkt ohne den Umweg \u00fcber eine externe Applikation bearbeitet werden. M\u00f6glich sind zum Beispiel Markierungen, das Einf\u00fcgen von Anmerkungen in Textform und ebenso handschriftliche Notizen.<\/p>\n<p><a href=\"http:\/\/www.mi.uni-koeln.de\/wp-MIEDV\/wp-content\/uploads\/2016\/04\/Datei_003.png\" rel=\"attachment wp-att-2112\"><img loading=\"lazy\" decoding=\"async\" class=\"alignnone size-medium wp-image-2112\" src=\"http:\/\/www.mi.uni-koeln.de\/wp-MIEDV\/wp-content\/uploads\/2016\/04\/Datei_003-225x300.png\" alt=\"\" width=\"225\" height=\"300\" srcset=\"http:\/\/www.mi.uni-koeln.de\/wp-MIEDV\/wp-content\/uploads\/2016\/04\/Datei_003-225x300.png 225w, http:\/\/www.mi.uni-koeln.de\/wp-MIEDV\/wp-content\/uploads\/2016\/04\/Datei_003-768x1024.png 768w, http:\/\/www.mi.uni-koeln.de\/wp-MIEDV\/wp-content\/uploads\/2016\/04\/Datei_003-500x667.png 500w, http:\/\/www.mi.uni-koeln.de\/wp-MIEDV\/wp-content\/uploads\/2016\/04\/Datei_003.png 1536w\" sizes=\"auto, (max-width: 225px) 85vw, 225px\" \/><\/a> <a href=\"http:\/\/www.mi.uni-koeln.de\/wp-MIEDV\/wp-content\/uploads\/2016\/04\/Datei_004.png\" rel=\"attachment wp-att-2113\"><img loading=\"lazy\" decoding=\"async\" class=\"alignnone size-medium wp-image-2113\" src=\"http:\/\/www.mi.uni-koeln.de\/wp-MIEDV\/wp-content\/uploads\/2016\/04\/Datei_004-225x300.png\" alt=\"\" width=\"225\" height=\"300\" srcset=\"http:\/\/www.mi.uni-koeln.de\/wp-MIEDV\/wp-content\/uploads\/2016\/04\/Datei_004-225x300.png 225w, http:\/\/www.mi.uni-koeln.de\/wp-MIEDV\/wp-content\/uploads\/2016\/04\/Datei_004-768x1024.png 768w, http:\/\/www.mi.uni-koeln.de\/wp-MIEDV\/wp-content\/uploads\/2016\/04\/Datei_004-500x667.png 500w, http:\/\/www.mi.uni-koeln.de\/wp-MIEDV\/wp-content\/uploads\/2016\/04\/Datei_004.png 1536w\" sizes=\"auto, (max-width: 225px) 85vw, 225px\" \/><\/a> <a href=\"http:\/\/www.mi.uni-koeln.de\/wp-MIEDV\/wp-content\/uploads\/2016\/04\/Datei_005.png\" rel=\"attachment wp-att-2114\"><img loading=\"lazy\" decoding=\"async\" class=\"alignnone size-medium wp-image-2114\" src=\"http:\/\/www.mi.uni-koeln.de\/wp-MIEDV\/wp-content\/uploads\/2016\/04\/Datei_005-225x300.png\" alt=\"\" width=\"225\" height=\"300\" srcset=\"http:\/\/www.mi.uni-koeln.de\/wp-MIEDV\/wp-content\/uploads\/2016\/04\/Datei_005-225x300.png 225w, http:\/\/www.mi.uni-koeln.de\/wp-MIEDV\/wp-content\/uploads\/2016\/04\/Datei_005-768x1024.png 768w, http:\/\/www.mi.uni-koeln.de\/wp-MIEDV\/wp-content\/uploads\/2016\/04\/Datei_005-500x667.png 500w, http:\/\/www.mi.uni-koeln.de\/wp-MIEDV\/wp-content\/uploads\/2016\/04\/Datei_005.png 1536w\" sizes=\"auto, (max-width: 225px) 85vw, 225px\" \/><\/a><\/p>\n<p>Um die Datei wieder zur Verf\u00fcgung zu stellen muss man dann nur die Bearbeitung beenden und die \u00c4nderungen werden gespeichert. Eine manuelle Synchronisation wird dann nicht mehr ben\u00f6tigt.<\/p>\n<p>Alternativ zu Onedrive lassen sich die Dateien auch noch mit anderen Diensten austauschen, allerdings muss hier in der Regel auf externe Programme zum Bearbeiten der PDF-Dateien zur\u00fcckgegriffen werden. Eine Auswahl findet sich hier:<\/p>\n<ul>\n<li><a href=\"http:\/\/rrzk.uni-koeln.de\/sciebo.html\" target=\"_blank\">Sciebo: <\/a><em>Ein kostenloser, nicht-kommerzieller Cloud-Speicherdienst f\u00fcr Forschung und Lehre. Allen Besch\u00e4ftigten der Universit\u00e4t zu K\u00f6ln stehen <strong>30 <acronym lang=\"en\" title=\"Gigabyte\">GB<\/acronym><\/strong> Speicherplatz zur Verf\u00fcgung (bei Bedarf kann der Speicherplatz selbstst\u00e4ndig erh\u00f6ht werden). Die Daten werden ausschlie\u00dflich an drei Standorten in Nordrhein-Westfalen gespeichert und verarbeitet (M\u00fcnster, Bonn, Duisburg-Essen). Dadurch sind die Daten durch das strenge deutsche Datenschutzgesetz besonders gesch\u00fctzt.<\/em><\/li>\n<li><a href=\"https:\/\/www.google.com\/intl\/de_de\/drive\/\" target=\"_blank\">Google Drive<\/a>: <em>Ein ebenfalls kostenfreies Angebot des Unternehmens Google. Der User erh\u00e4lt <strong>15 GB<\/strong> kostenlosen Speicherplatz, der plattform\u00fcbergreifend genutzt werden kann.<\/em><\/li>\n<li><a href=\"https:\/\/www.dropbox.com\/\" target=\"_blank\">Dropbox<\/a>:\u00a0<em>Ein weiterer Anbieter von Speicherplatz. Jedem Benutzer stehen in der kostenfreien Variante <strong>2 GB<\/strong> Speicher zur Verf\u00fcgung, die sich durch Empfehlung an Freunde und andere Aktionen erweitern lassen. Applikationen gibt es ebenfalls f\u00fcr alle g\u00e4ngigen Systeme.<\/em><\/li>\n<\/ul>\n","protected":false},"excerpt":{"rendered":"<p>Geplant ist die Bereitstellung von PDF-Dateien \u00fcber einem Desktop-Rechner. An einem iPad sollen diese dann bearbeitet und anschlie\u00dfend wieder zur Verf\u00fcgung gestellt werden. Die App OneDrive bietet sich daf\u00fcr insbesondere an, da sich direkt in ihr \u00c4nderungen vornehmen lassen ohne die Dateien in externen Applikationen \u00f6ffnen zu m\u00fcssen. F\u00fcr den Austausch der Dateien wird f\u00fcr &hellip; <a href=\"http:\/\/www.mi.uni-koeln.de\/wp-MIEDV\/unser-serviceangebot\/pdf-dateien-austauschen-und-bearbeiten\/\" class=\"more-link\"><span class=\"screen-reader-text\">&#8222;(PDF-)Dateien austauschen und bearbeiten&#8220; <\/span>weiterlesen<\/a><\/p>\n","protected":false},"author":17,"featured_media":0,"parent":1460,"menu_order":0,"comment_status":"closed","ping_status":"closed","template":"sidebar-page.php","meta":{"footnotes":""},"class_list":["post-2109","page","type-page","status-publish","hentry"],"post_mailing_queue_ids":[],"_links":{"self":[{"href":"http:\/\/www.mi.uni-koeln.de\/wp-MIEDV\/wp-json\/wp\/v2\/pages\/2109","targetHints":{"allow":["GET"]}}],"collection":[{"href":"http:\/\/www.mi.uni-koeln.de\/wp-MIEDV\/wp-json\/wp\/v2\/pages"}],"about":[{"href":"http:\/\/www.mi.uni-koeln.de\/wp-MIEDV\/wp-json\/wp\/v2\/types\/page"}],"author":[{"embeddable":true,"href":"http:\/\/www.mi.uni-koeln.de\/wp-MIEDV\/wp-json\/wp\/v2\/users\/17"}],"replies":[{"embeddable":true,"href":"http:\/\/www.mi.uni-koeln.de\/wp-MIEDV\/wp-json\/wp\/v2\/comments?post=2109"}],"version-history":[{"count":16,"href":"http:\/\/www.mi.uni-koeln.de\/wp-MIEDV\/wp-json\/wp\/v2\/pages\/2109\/revisions"}],"predecessor-version":[{"id":2172,"href":"http:\/\/www.mi.uni-koeln.de\/wp-MIEDV\/wp-json\/wp\/v2\/pages\/2109\/revisions\/2172"}],"up":[{"embeddable":true,"href":"http:\/\/www.mi.uni-koeln.de\/wp-MIEDV\/wp-json\/wp\/v2\/pages\/1460"}],"wp:attachment":[{"href":"http:\/\/www.mi.uni-koeln.de\/wp-MIEDV\/wp-json\/wp\/v2\/media?parent=2109"}],"curies":[{"name":"wp","href":"https:\/\/api.w.org\/{rel}","templated":true}]}}