{"id":2472,"date":"2023-06-22T21:30:29","date_gmt":"2023-06-22T19:30:29","guid":{"rendered":"http:\/\/www.mi.uni-koeln.de\/wp-MIEDV\/sicherheit\/sophos-antivirus-software\/"},"modified":"2023-06-23T14:44:18","modified_gmt":"2023-06-23T12:44:18","slug":"sophos-antivirus-software","status":"publish","type":"page","link":"http:\/\/www.mi.uni-koeln.de\/wp-MIEDV\/sicherheit\/sophos-antivirus-software\/","title":{"rendered":"Sophos-Produkte an der Universit\u00e4t zu K\u00f6ln"},"content":{"rendered":"\n<p>Zum Schutz von IT-Endger\u00e4ten gegen Viren und andere Bedrohungen stehen an der Universit\u00e4t zu K\u00f6ln verschiedene Produkte der Firma Sophos zur Verf\u00fcgung. Mit der Versions-Aktualisierung von &nbsp;Juli 2023 gilt je nach Einsatz des Ger\u00e4ts die folgende Unterscheidung.<\/p>\n\n<p><span style=\"background:yellow;\">1.) Arbeitsplatz-PCs (<b>fest installierte Dienstger\u00e4te<\/b>)<\/span><br>Administration\/Installation von <b>Sophos Intercept X <\/b>durch die Datenstation der Mathematik Bitte bei der Datenstation melden und einen Termin f\u00fcr die Installation vereinbaren. <\/p>\n\n<p><span style=\"background:yellow;\">2.) Arbeitsplatz-Notebooks im Institut (Eigentum der Universit\u00e4t zu K\u00f6ln) und in der mobilen Arbeit (<b>mobile Dienstger\u00e4te,<\/b> keine privaten Rechner)<\/span><br> Die f\u00fcr die Nutzung in der Mathematik angepasste <b>Sophos Intercept X<\/b>-Software <a href=\"https:\/\/www.mi.uni-koeln.de\/software-sophos\">hier<\/a> herunterladen (Angabe von Benutzernamen und Passwort des Servers <i>thales<\/i> erforderlich) und selbst als Administrator installieren. Es sind Versionen f\u00fcr Windows und MacOS verf\u00fcgbar.<br>\nUnterst\u00fctzung, wenn notwendig, durch Mitarbeiter der Datenstation (bitte ggf. Termin vereinbaren). <\/p>\n\n<p><span style=\"background:yellow;\">3.) <b>Privatger\u00e4te<\/b> (PCs, Notebooks, etc.)<\/span><br>\n Durch den Benutzer in Eigenverantwortung.<br>\n Software <b>Sophos Home Premium<\/b> unter: <a href=\"https:\/\/home.sophos.com\/en-us\/employee\/hochschulen-nrw\">https:\/\/home.sophos.com\/en-us\/employee\/hochschulen-nrw<\/a><br> Als Standard keine Unterst\u00fctzung durch die Datenstation der Mathematik<\/p>\n\n<br>\n\n<br>Bitte beachten, dass alle Ger\u00e4te, auf denen nicht <b>Sophos Intercept X<\/b> oder <b>Sophos Home Premium<\/b> installiert sind, ab 20.07.2023 ohne aktuellen Virenschutz sind, daher ist es wichtig, vor diesem Termin eine der o.g. Ma\u00dfnahmen umzusetzen.\n\n<br>\n\n<br><b>Weitere Informationen:\n\n<br><\/b>Informationen des Rechenzentrums (RRZK) zu Sophos [1] mit Erl\u00e4uterungen zu den Sophos-Versionen f\u00fcr Dienst- und Privatger\u00e4te \n\n<br>[1] <a href=\"https:\/\/rrzk.uni-koeln.de\/software-multimedia\/software\/rahmenvertraege-und-campuslizenzen\/sophos\">https:\/\/rrzk.uni-koeln.de\/software-multimedia\/software\/rahmenvertraege-und-campuslizenzen\/sophos<\/a>\n\n<br>\n\n<br><\/u><\/font>\n","protected":false},"excerpt":{"rendered":"<p>Zum Schutz von IT-Endger\u00e4ten gegen Viren und andere Bedrohungen stehen an der Universit\u00e4t zu K\u00f6ln verschiedene Produkte der Firma Sophos zur Verf\u00fcgung. Mit der Versions-Aktualisierung von &nbsp;Juli 2023 gilt je nach Einsatz des Ger\u00e4ts die folgende Unterscheidung. 1.) Arbeitsplatz-PCs (fest installierte Dienstger\u00e4te)Administration\/Installation von Sophos Intercept X durch die Datenstation der Mathematik Bitte bei der Datenstation &hellip; <a href=\"http:\/\/www.mi.uni-koeln.de\/wp-MIEDV\/sicherheit\/sophos-antivirus-software\/\" class=\"more-link\"><span class=\"screen-reader-text\">&#8222;Sophos-Produkte an der Universit\u00e4t zu K\u00f6ln&#8220; <\/span>weiterlesen<\/a><\/p>\n","protected":false},"author":7,"featured_media":0,"parent":2056,"menu_order":0,"comment_status":"closed","ping_status":"closed","template":"","meta":{"footnotes":""},"class_list":["post-2472","page","type-page","status-publish","hentry"],"post_mailing_queue_ids":[],"_links":{"self":[{"href":"http:\/\/www.mi.uni-koeln.de\/wp-MIEDV\/wp-json\/wp\/v2\/pages\/2472","targetHints":{"allow":["GET"]}}],"collection":[{"href":"http:\/\/www.mi.uni-koeln.de\/wp-MIEDV\/wp-json\/wp\/v2\/pages"}],"about":[{"href":"http:\/\/www.mi.uni-koeln.de\/wp-MIEDV\/wp-json\/wp\/v2\/types\/page"}],"author":[{"embeddable":true,"href":"http:\/\/www.mi.uni-koeln.de\/wp-MIEDV\/wp-json\/wp\/v2\/users\/7"}],"replies":[{"embeddable":true,"href":"http:\/\/www.mi.uni-koeln.de\/wp-MIEDV\/wp-json\/wp\/v2\/comments?post=2472"}],"version-history":[{"count":19,"href":"http:\/\/www.mi.uni-koeln.de\/wp-MIEDV\/wp-json\/wp\/v2\/pages\/2472\/revisions"}],"predecessor-version":[{"id":2514,"href":"http:\/\/www.mi.uni-koeln.de\/wp-MIEDV\/wp-json\/wp\/v2\/pages\/2472\/revisions\/2514"}],"up":[{"embeddable":true,"href":"http:\/\/www.mi.uni-koeln.de\/wp-MIEDV\/wp-json\/wp\/v2\/pages\/2056"}],"wp:attachment":[{"href":"http:\/\/www.mi.uni-koeln.de\/wp-MIEDV\/wp-json\/wp\/v2\/media?parent=2472"}],"curies":[{"name":"wp","href":"https:\/\/api.w.org\/{rel}","templated":true}]}}