{"id":2054,"date":"2015-07-28T13:54:49","date_gmt":"2015-07-28T11:54:49","guid":{"rendered":"http:\/\/www.mi.uni-koeln.de\/NumSim\/?page_id=2054"},"modified":"2019-11-11T15:47:55","modified_gmt":"2019-11-11T14:47:55","slug":"numerik-partieller-differentialgleichungen-ii-14722-0023","status":"publish","type":"page","link":"https:\/\/www.mi.uni-koeln.de\/NumSim\/teaching\/numerik-partieller-differentialgleichungen-ii-14722-0023\/","title":{"rendered":"Numerik partieller Differentialgleichungen II (14722.0023)"},"content":{"rendered":"<p>Gegenstand der Vorlesung Numerik partieller Differentialgleichungen II sind moderne numerische Verfahren hoher Ordnung und deren mathematische Grundlagen zur L\u00f6sung von hyperbolischen Erhaltungsgleichungen. Hyperbolische Erhaltungsgleichungen beschreiben Probleme z. B. aus der Akustik, Elektromagnetik, Astrophysik, Aerodynamik und Ozeanographie.<\/p>\n<p>Aus der Vielzahl an bekannten Methoden liegt der Fokus dieser Vorlesung auf den Discontinuous Galerkin Verfahren. Diese Verfahren bieten eine hohe Genauigkeit auf unstrukturierten Gittern und sind besonders gut f\u00fcr massiv parallele Rechnerarchitekturen geeignet. Obwohl diese Methoden auf einer schwachen Formulierung der partiellen Differentialgleichung basieren, zeigen neueste Forschungsergebnisse eine enge Verwandtschaft zu Finite-Differenzen als auch Finite-Volumen Methoden. Diese theoretischen als auch praktischen Aspekte sind unter anderem Inhalt der Vorlesung.<\/p>\n<hr \/>\n<p><strong>Veranstaltungsort und -zeit:<\/strong><br \/>\ndienstags, 16.00-17.30 Uhr, H\u00f6rsaal des Mathematischen Instituts (Raum 203)<br \/>\nmittwochs, 14.00-15.30 Uhr, Stefan Cohn-Vossen Raum des Mathematischen Instituts (Raum 313)<\/p>\n<p><!--\n<strong>Vorlesungsskript:<\/strong>\nMitschrift der Studenten Christian Hotopp und Lukas D\u00fcchting: <span style=\"color: #0000ff;\"><a style=\"color: #0000ff;\" title=\"Skript_NumPDGL2\" href=\"\/aggass\/prot\/documents_numerikpdgl2_ws15_16\/Num_IV.pdf\">Skript_NumPDGL2<\/a><\/span>\n--><\/p>\n<p><strong>Klausurtermine:<\/strong><br \/>\nAlle Studenten werden nach Terminabsprache mit Prof. Gassner m\u00fcndlich gepr\u00fcft im Zeitraum vom 15.02.2016 bis 19.02.2016. Die Pr\u00fcfungen finden im B\u00fcro von Prof. Gassner statt (MI, Raum 1.08).<\/p>\n<p><strong>Kontakt:<\/strong> <a title=\"Marvin Bohm\" href=\"http:\/\/www.mi.uni-koeln.de\/NumSim\/bohm\/\">Marvin Bohm<\/a><strong>, <\/strong><a title=\"Prof. Dr. Gregor Gassner\" href=\"http:\/\/www.mi.uni-koeln.de\/NumSim\/gregor-gassner\/\">Prof. Dr. G. Gassner<\/a><\/p>\n","protected":false},"excerpt":{"rendered":"<p>Gegenstand der Vorlesung Numerik partieller Differentialgleichungen II sind moderne numerische Verfahren hoher Ordnung und deren mathematische Grundlagen zur L\u00f6sung von hyperbolischen Erhaltungsgleichungen. Hyperbolische Erhaltungsgleichungen beschreiben Probleme z. B. aus der Akustik, Elektromagnetik, Astrophysik, Aerodynamik und Ozeanographie. Aus der Vielzahl an &hellip; <a href=\"https:\/\/www.mi.uni-koeln.de\/NumSim\/teaching\/numerik-partieller-differentialgleichungen-ii-14722-0023\/\">Continue reading <span class=\"meta-nav\">&rarr;<\/span><\/a><\/p>\n","protected":false},"author":9,"featured_media":0,"parent":25,"menu_order":30,"comment_status":"closed","ping_status":"closed","template":"sidebar-page.php","meta":{"footnotes":""},"post_mailing_queue_ids":[],"_links":{"self":[{"href":"https:\/\/www.mi.uni-koeln.de\/NumSim\/wp-json\/wp\/v2\/pages\/2054"}],"collection":[{"href":"https:\/\/www.mi.uni-koeln.de\/NumSim\/wp-json\/wp\/v2\/pages"}],"about":[{"href":"https:\/\/www.mi.uni-koeln.de\/NumSim\/wp-json\/wp\/v2\/types\/page"}],"author":[{"embeddable":true,"href":"https:\/\/www.mi.uni-koeln.de\/NumSim\/wp-json\/wp\/v2\/users\/9"}],"replies":[{"embeddable":true,"href":"https:\/\/www.mi.uni-koeln.de\/NumSim\/wp-json\/wp\/v2\/comments?post=2054"}],"version-history":[{"count":13,"href":"https:\/\/www.mi.uni-koeln.de\/NumSim\/wp-json\/wp\/v2\/pages\/2054\/revisions"}],"predecessor-version":[{"id":4553,"href":"https:\/\/www.mi.uni-koeln.de\/NumSim\/wp-json\/wp\/v2\/pages\/2054\/revisions\/4553"}],"up":[{"embeddable":true,"href":"https:\/\/www.mi.uni-koeln.de\/NumSim\/wp-json\/wp\/v2\/pages\/25"}],"wp:attachment":[{"href":"https:\/\/www.mi.uni-koeln.de\/NumSim\/wp-json\/wp\/v2\/media?parent=2054"}],"curies":[{"name":"wp","href":"https:\/\/api.w.org\/{rel}","templated":true}]}}