{"id":2263,"date":"2016-03-08T11:33:28","date_gmt":"2016-03-08T10:33:28","guid":{"rendered":"http:\/\/www.mi.uni-koeln.de\/NumSim\/?page_id=2263"},"modified":"2019-11-11T15:44:13","modified_gmt":"2019-11-11T14:44:13","slug":"numerische-simulation-14722-0027","status":"publish","type":"page","link":"https:\/\/www.mi.uni-koeln.de\/NumSim\/teaching\/numerische-simulation-14722-0027\/","title":{"rendered":"Numerische Simulation (14722.0027)"},"content":{"rendered":"<p>Gegenstand der Vorlesung Numerische Simulation ist die numerische Simulation von kompressiblen Str\u00f6mungen. Ziel ist es, alle Aspekte der numerischen Simulation eines praxisrelevanten Str\u00f6mungsproblems zu thematisieren. Als Verfahren der Wahl betragen wir das Discontinuous Galerkin Verfahren mit Anwendung auf die kompressiblen Navier-Stokes Gleichungen. Die Grundlagen dieses Verfahrens waren Thema der Vorlesung Numerik PDGL II, welche auch Voraussetzung f\u00fcr diese Vorlesung sind.<\/p>\n<p>Neben numerischen Diskretisierungsaspekten (Diskretisierung in mehreren Raumdimensionen, Dispersion und Dissipation, Nichtlineare Stabilit\u00e4t, Gittergenerierung, Zeitintegration, Randbedingungen, etc.) behandelt die Vorlesung auch die Aspekte der Modellierung von kompressiblen Str\u00f6mungen und das Ph\u00e4nomen Turbulenz.<\/p>\n<hr \/>\n<p><strong>Veranstaltungsort und -zeit:<\/strong><br \/>\ndienstags\u00a0 14.00-15.30 Uhr, Seminarraum 3 des Mathematischen Instituts (Raum 314)<br \/>\nmittwochs 14.00-15.30 Uhr, Stefan Cohn-Vossen Raum des Mathematischen Instituts (Raum 313)<\/p>\n<p><!--\n<strong>Vorlesungsskript:<\/strong>\nMitschrift der Studenten Christian Hotopp und Lukas D\u00fcchting: <span style=\"color: #0000ff;\"><a style=\"color: #0000ff;\" title=\"Skript_NumSim\" href=\"\/aggass\/prot\/documents_numerikpdgl3_ss16\/NumSim.pdf\">Skript_NumSim<\/a><\/span>\nDetails zu Kapitel 2, Beweis KEP Eigenschaft: <span style=\"color: #0000ff;\"><a style=\"color: #0000ff;\" title=\"dgsplitform\" href=\"\/aggass\/prot\/documents_numerikpdgl3_ss16\/dgsplitform.pdf\">dgsplitform<\/a><\/span>\n--><\/p>\n<p><strong>Klausurtermine:<\/strong><br \/>\nAlle Studierenden werden nach Terminabsprache mit Herrn Prof. Gassner m\u00fcndlich gepr\u00fcft. Der Zeitraum wird noch mitgeteilt. Die Pr\u00fcfungen finden im B\u00fcro von Herrn Prof. Gassner statt (Mathematisches Institut, Raum 1.08).<\/p>\n<p><strong>Kontakt:<\/strong><br \/>\n<a title=\"Prof. Dr.-Ing. Gregor Gassner\" href=\"http:\/\/www.mi.uni-koeln.de\/NumSim\/gregor-gassner\/\">Prof. Dr. Gregor Gassner, <\/a><a title=\"Dr. Andrew Winters\" href=\"http:\/\/www.mi.uni-koeln.de\/NumSim\/dr-andrew-winters\/\">Dr. Andrew Winters,<\/a> <a title=\"Marvin Bohm\" href=\"http:\/\/www.mi.uni-koeln.de\/NumSim\/bohm\/\">Marvin Bohm<\/a><\/p>\n","protected":false},"excerpt":{"rendered":"<p>Gegenstand der Vorlesung Numerische Simulation ist die numerische Simulation von kompressiblen Str\u00f6mungen. Ziel ist es, alle Aspekte der numerischen Simulation eines praxisrelevanten Str\u00f6mungsproblems zu thematisieren. Als Verfahren der Wahl betragen wir das Discontinuous Galerkin Verfahren mit Anwendung auf die kompressiblen &hellip; <a href=\"https:\/\/www.mi.uni-koeln.de\/NumSim\/teaching\/numerische-simulation-14722-0027\/\">Continue reading <span class=\"meta-nav\">&rarr;<\/span><\/a><\/p>\n","protected":false},"author":9,"featured_media":0,"parent":25,"menu_order":19,"comment_status":"closed","ping_status":"closed","template":"sidebar-page.php","meta":{"footnotes":""},"post_mailing_queue_ids":[],"_links":{"self":[{"href":"https:\/\/www.mi.uni-koeln.de\/NumSim\/wp-json\/wp\/v2\/pages\/2263"}],"collection":[{"href":"https:\/\/www.mi.uni-koeln.de\/NumSim\/wp-json\/wp\/v2\/pages"}],"about":[{"href":"https:\/\/www.mi.uni-koeln.de\/NumSim\/wp-json\/wp\/v2\/types\/page"}],"author":[{"embeddable":true,"href":"https:\/\/www.mi.uni-koeln.de\/NumSim\/wp-json\/wp\/v2\/users\/9"}],"replies":[{"embeddable":true,"href":"https:\/\/www.mi.uni-koeln.de\/NumSim\/wp-json\/wp\/v2\/comments?post=2263"}],"version-history":[{"count":8,"href":"https:\/\/www.mi.uni-koeln.de\/NumSim\/wp-json\/wp\/v2\/pages\/2263\/revisions"}],"predecessor-version":[{"id":2846,"href":"https:\/\/www.mi.uni-koeln.de\/NumSim\/wp-json\/wp\/v2\/pages\/2263\/revisions\/2846"}],"up":[{"embeddable":true,"href":"https:\/\/www.mi.uni-koeln.de\/NumSim\/wp-json\/wp\/v2\/pages\/25"}],"wp:attachment":[{"href":"https:\/\/www.mi.uni-koeln.de\/NumSim\/wp-json\/wp\/v2\/media?parent=2263"}],"curies":[{"name":"wp","href":"https:\/\/api.w.org\/{rel}","templated":true}]}}