{"id":42,"date":"2013-10-28T11:06:53","date_gmt":"2013-10-28T10:06:53","guid":{"rendered":"http:\/\/www.mi.uni-koeln.de\/NumSim\/?page_id=42"},"modified":"2026-04-07T11:33:40","modified_gmt":"2026-04-07T09:33:40","slug":"gregor-gassner","status":"publish","type":"page","link":"https:\/\/www.mi.uni-koeln.de\/NumSim\/gregor-gassner\/","title":{"rendered":"Prof. Dr.-Ing. Gregor Gassner"},"content":{"rendered":"<p><a href=\"http:\/\/www.mi.uni-koeln.de\/NumSim\/wp-content\/uploads\/2017\/12\/Gregor_neu-e1512646579157.jpg\"><img decoding=\"async\" loading=\"lazy\" class=\"alignright wp-image-3150 size-thumbnail\" src=\"http:\/\/www.mi.uni-koeln.de\/NumSim\/wp-content\/uploads\/2017\/12\/Gregor_neu-150x150.jpg\" width=\"150\" height=\"150\" \/><\/a><strong>Postal address<\/strong><br \/>\nUniversity of Cologne<br \/>\nDivision of Mathematics<br \/>\nWeyertal 86 &#8211; 90<br \/>\n50931 K\u00f6ln<br \/>\nGermany<\/p>\n<p><strong>Office address<\/strong><br \/>\nWeyertal 86 &#8211; 90<br \/>\n(Building 162)<br \/>\n2nd floor &#8211; room\u00a02.18<\/p>\n<p><strong>Secretary<\/strong><br \/>\n<a title=\"Sabine\" href=\"http:\/\/www.mi.uni-koeln.de\/NumSim\/musielack-erle\/\">Sabine Musielack-Erle<\/a><\/p>\n<p><strong>Phone<br \/>\n<\/strong>+49 221 470 2954<br \/>\n+49 221 470 5730\u00a0(secretary)<\/p>\n<p><strong>Email<br \/>\n<\/strong>ggassner(at)uni-koeln.de<br \/>\nsabine.musielack-erle(at)uni-koeln.de (secretary)<\/p>\n<p><strong>Office hours<\/strong><br \/>\n<span style=\"color: #000000;\">Wednesdays from 10:00 to 11:00 a.m.<\/span><span style=\"color: #000000;\"><br \/>\n<\/span><\/p>\n<hr \/>\n<h1><b><span style=\"color: #ff0000;\"><br \/>\nBis auf Weiteres finden unsere Sprechstunden dienstags in der Zeit von 14.00 bis 15.00 Uhr per Zoom statt.<\/span><br \/>\n<\/b><\/h1>\n<p>&nbsp;<\/p>\n<div class=\"uzk15__editorblock\">\n<hr \/>\n<p class=\"bodytext\"><span style=\"color: #ff0000;\">BITTE BEACHTEN SIE:<\/span><\/p>\n<p class=\"bodytext\">Bitte beachten Sie, dass die <strong>Sprechstunde<\/strong> von Herrn Prof. Gassner bis auf Weiteres <strong>KEINE offene Sprechstunde <\/strong>mehr ist.<\/p>\n<p><strong>Was \u00e4ndert sich?<\/strong><br \/>\nAb sofort ben\u00f6tigen Sie einen Sprechstundentermin.<\/p>\n<p><strong>Wo erhalten Sie einen Termin?<\/strong><br \/>\nDie Terminvergabe erfolgt \u00fcber das Sekretariat.<\/p>\n<p><strong>Was m\u00fcssen Sie tun?<\/strong><br \/>\nBitte senden Sie Ihren Sprechstundenwunsch an sabine.musielack-erle(at)uni-koeln.de und skizzieren grob Ihr Anliegen, damit wir den Zeitbedarf einsch\u00e4tzen k\u00f6nnen. Sie erhalten dann &#8220;postwendend&#8221; einen Sprechstundentermin. Selbstverst\u00e4ndlich k\u00f6nnen Sie auch gerne pers\u00f6nlich vorbeischauen. Beachten Sie dann bitte die \u00d6ffnungszeiten des B\u00fcros.<\/p>\n<p><strong>Was bleibt?<\/strong><br \/>\nUnterlagen, die von Herrn Prof. Gassner unterschrieben werden m\u00fcssen, bitte entweder im Sekretariat (Weyertal 86-90, Zimmer 2.17) abgeben und nach Unterschrift dort auch wieder abholen &#8211; oder per Mail schicken an sabine.musielack-erle(at)uni-koeln.de.<\/p>\n<\/div>\n<div class=\"uzk15__seperator\"><\/div>\n","protected":false},"excerpt":{"rendered":"<p>Postal address University of Cologne Division of Mathematics Weyertal 86 &#8211; 90 50931 K\u00f6ln Germany Office address Weyertal 86 &#8211; 90 (Building 162) 2nd floor &#8211; room\u00a02.18 Secretary Sabine Musielack-Erle Phone +49 221 470 2954 +49 221 470 5730\u00a0(secretary) Email &hellip; <a href=\"https:\/\/www.mi.uni-koeln.de\/NumSim\/gregor-gassner\/\">Continue reading <span class=\"meta-nav\">&rarr;<\/span><\/a><\/p>\n","protected":false},"author":1,"featured_media":0,"parent":0,"menu_order":42,"comment_status":"closed","ping_status":"closed","template":"","meta":{"footnotes":""},"post_mailing_queue_ids":[],"_links":{"self":[{"href":"https:\/\/www.mi.uni-koeln.de\/NumSim\/wp-json\/wp\/v2\/pages\/42"}],"collection":[{"href":"https:\/\/www.mi.uni-koeln.de\/NumSim\/wp-json\/wp\/v2\/pages"}],"about":[{"href":"https:\/\/www.mi.uni-koeln.de\/NumSim\/wp-json\/wp\/v2\/types\/page"}],"author":[{"embeddable":true,"href":"https:\/\/www.mi.uni-koeln.de\/NumSim\/wp-json\/wp\/v2\/users\/1"}],"replies":[{"embeddable":true,"href":"https:\/\/www.mi.uni-koeln.de\/NumSim\/wp-json\/wp\/v2\/comments?post=42"}],"version-history":[{"count":73,"href":"https:\/\/www.mi.uni-koeln.de\/NumSim\/wp-json\/wp\/v2\/pages\/42\/revisions"}],"predecessor-version":[{"id":6696,"href":"https:\/\/www.mi.uni-koeln.de\/NumSim\/wp-json\/wp\/v2\/pages\/42\/revisions\/6696"}],"wp:attachment":[{"href":"https:\/\/www.mi.uni-koeln.de\/NumSim\/wp-json\/wp\/v2\/media?parent=42"}],"curies":[{"name":"wp","href":"https:\/\/api.w.org\/{rel}","templated":true}]}}