{"id":6624,"date":"2025-10-13T13:56:50","date_gmt":"2025-10-13T11:56:50","guid":{"rendered":"https:\/\/www.mi.uni-koeln.de\/NumSim\/teaching\/einfuhrung-in-die-numerik-partieller-differentialgleichungen-14722-0017\/ubungen-numerik-partieller-differentialgleichungen\/"},"modified":"2026-04-07T13:20:59","modified_gmt":"2026-04-07T11:20:59","slug":"ubungen-numerik-partieller-differentialgleichungen","status":"publish","type":"page","link":"https:\/\/www.mi.uni-koeln.de\/NumSim\/teaching\/einfuhrung-in-die-numerik-partieller-differentialgleichungen-14722-0017\/ubungen-numerik-partieller-differentialgleichungen\/","title":{"rendered":"\u00dcbungen Numerik partieller Differentialgleichungen (14722.0018)"},"content":{"rendered":"<p>Die \u00dcbungen zur Vorlesung Einf\u00fchrung in die Numerik partieller Differentialgleichungen dienen dem besseren Verst\u00e4ndnis der Vorlesung. Fragen und Probleme werden in kleinen Gruppen diskutiert. Der in der Vorlesung behandelte Stoff wird mit Hilfe von \u00dcbungs- und Programmieraufgaben vertieft, die von Studierenden selbst\u00e4ndig au\u00dferhalb der \u00dcbung bearbeitet werden.<\/p>\n<p><strong>Bitte beachten Sie, dass alle weiteren Informationen zu dieser Veranstaltung \u00fcber ILIAS bereitgestellt werden.<\/strong><\/p>\n","protected":false},"excerpt":{"rendered":"<p>Die \u00dcbungen zur Vorlesung Einf\u00fchrung in die Numerik partieller Differentialgleichungen dienen dem besseren Verst\u00e4ndnis der Vorlesung. Fragen und Probleme werden in kleinen Gruppen diskutiert. Der in der Vorlesung behandelte Stoff wird mit Hilfe von \u00dcbungs- und Programmieraufgaben vertieft, die von &hellip; <a href=\"https:\/\/www.mi.uni-koeln.de\/NumSim\/teaching\/einfuhrung-in-die-numerik-partieller-differentialgleichungen-14722-0017\/ubungen-numerik-partieller-differentialgleichungen\/\">Continue reading <span class=\"meta-nav\">&rarr;<\/span><\/a><\/p>\n","protected":false},"author":9,"featured_media":0,"parent":6619,"menu_order":2,"comment_status":"closed","ping_status":"closed","template":"sidebar-page.php","meta":{"footnotes":""},"post_mailing_queue_ids":[],"_links":{"self":[{"href":"https:\/\/www.mi.uni-koeln.de\/NumSim\/wp-json\/wp\/v2\/pages\/6624"}],"collection":[{"href":"https:\/\/www.mi.uni-koeln.de\/NumSim\/wp-json\/wp\/v2\/pages"}],"about":[{"href":"https:\/\/www.mi.uni-koeln.de\/NumSim\/wp-json\/wp\/v2\/types\/page"}],"author":[{"embeddable":true,"href":"https:\/\/www.mi.uni-koeln.de\/NumSim\/wp-json\/wp\/v2\/users\/9"}],"replies":[{"embeddable":true,"href":"https:\/\/www.mi.uni-koeln.de\/NumSim\/wp-json\/wp\/v2\/comments?post=6624"}],"version-history":[{"count":2,"href":"https:\/\/www.mi.uni-koeln.de\/NumSim\/wp-json\/wp\/v2\/pages\/6624\/revisions"}],"predecessor-version":[{"id":6627,"href":"https:\/\/www.mi.uni-koeln.de\/NumSim\/wp-json\/wp\/v2\/pages\/6624\/revisions\/6627"}],"up":[{"embeddable":true,"href":"https:\/\/www.mi.uni-koeln.de\/NumSim\/wp-json\/wp\/v2\/pages\/6619"}],"wp:attachment":[{"href":"https:\/\/www.mi.uni-koeln.de\/NumSim\/wp-json\/wp\/v2\/media?parent=6624"}],"curies":[{"name":"wp","href":"https:\/\/api.w.org\/{rel}","templated":true}]}}