{"id":1910,"date":"2020-01-16T20:55:19","date_gmt":"2020-01-16T19:55:19","guid":{"rendered":"http:\/\/www.mi.uni-koeln.de\/wp-znikolic\/?page_id=1910"},"modified":"2024-05-10T18:02:19","modified_gmt":"2024-05-10T16:02:19","slug":"2019-2020-wintersemester","status":"publish","type":"page","link":"https:\/\/www.mi.uni-koeln.de\/wp-znikolic\/veranstaltungen-2\/2019-2020-wintersemester\/","title":{"rendered":"2019 \/ 2020 Wintersemester"},"content":{"rendered":"\n<p class=\"has-text-align-center has-background has-medium-font-size\" style=\"background-color:#91c0de\"><strong>Lebensversicherungsmathematik<\/strong><\/p>\n\n\n\n<p>Das Seminar wird aus zwei Teilen bestehen.<\/p>\n\n\n\n<p>In den ersten Wochen werden wir durch Vortr\u00e4ge der ersten Gruppe von Studierenden die Grundlagen der Lebensversicherungsmathematik<br>kennenlernen. Im Anschluss daran wird die zweite Gruppe ein konkretes Optimierungsproblem aus der Praxis l\u00f6sen. Es geht bei diesem Optimierungsproblem darum, \u00e4hnliche Lebensversicherungsvertr\u00e4ge zu identifizieren und zu clustern. Zur L\u00f6sung der Aufgabe k\u00f6nnen sowohl<br>lineare Optimierungsmethoden als auch die Methoden des unuberwachten maschinellen Lernens herangezogen werden. Es wird eine L\u00f6sung in einer der g\u00e4ngigen Programmiersprachen erwartet.<\/p>\n\n\n\n<p>F\u00fcr die besten Programmierleistung(en) wird es einen oder mehrere Geldpreise geben.<\/p>\n\n\n\n<div class=\"wp-block-group\"><div class=\"wp-block-group__inner-container\">\n<div class=\"wp-block-group\"><div class=\"wp-block-group__inner-container\">\n<p>Anmeldung erfolgt per E-Mail, diese ist unter <a href=\"https:\/\/www.mi.uni-koeln.de\/wp-znikolic\/\"><\/a><a href=\"https:\/\/www.mi.uni-koeln.de\/wp-znikolic\/kontakt\/\">https:\/\/www.mi.uni-koeln.de\/wp-znikolic\/kontakt\/<\/a> zu finden.<\/p>\n<\/div><\/div>\n<\/div><\/div>\n\n\n\n<p>Bitte melden Sie sich mit einer aussagekr\u00e4ftigen Bewerbung an, welche u. a. folgende Angaben enthalten soll:<\/p>\n\n\n\n<ul><li>Ihre bisher besuchten (relevanten) Veranstaltungen,<\/li><li>sofern vorhanden, Ihren bisherigen Erfahrungen mit dem Thema Lebensversicherung oder mit praktischen L\u00f6sungen von Optimierungsprobleme,<\/li><li>alle relevanten Praktika, Werkstudierendent\u00e4tigkeiten, Seminararbeiten usw., welche mit dem Thema des Seminars zusammenh\u00e4ngen k\u00f6nnen,<\/li><li>weshalb Sie sich f\u00fcr dieses Thema interessieren,<\/li><li>ob Sie das Seminar im Rahmen des Versicherungsmoduls mit 3 Leistungspunkten oder als Seminar mit 6 Leistungspunkten belegen m\u00f6chten,<\/li><li>ob Sie sich f\u00fcr einen Vortrag zu einem Thema aus der Lebensversicherungsmathematik oder f\u00fcr die Programmierleistung anmelden.<\/li><\/ul>\n\n\n\n<p>Gerne k\u00f6nnen Sie Ihre Bewerbung um weitere Punkte erg\u00e4nzen. Die Bewerbung soll vor allem glaubhaft vermitteln, dass Sie sich f\u00fcr das behandelte Thema interessieren und mehr dar\u00fcber lernen m\u00f6chten.<\/p>\n\n\n\n<p class=\"has-text-color\" style=\"color:#4087b4\"><strong>Literatur:<\/strong><\/p>\n\n\n\n<ul><li>Kahlenberg, J.: Lebensversicherungsmathematik: Basiswissen zur Technik der deutschen Lebensversicherung, Springer Gabler Wiesbaden (2018), <a href=\"https:\/\/doi.org\/10.1007\/978-3-658-14658-0\">https:\/\/doi.org\/10.1007\/978-3-658-14658-0<\/a> .<\/li><\/ul>\n\n\n\n<p class=\"has-text-color\" style=\"color:#4087b4\"><strong>\u00dcbersicht der Vortr\u00e4ge:<\/strong><\/p>\n\n\n\n<figure class=\"wp-block-table is-style-regular\"><table><thead><tr><th>Name<\/th><th>Datum<\/th><th>Vortragsthema<\/th><\/tr><\/thead><tbody><tr><td>Nikoli\u0107<\/td><td>08.11.19<\/td><td>Einf\u00fchrung<\/td><\/tr><tr><td>Schaberger<\/td><td>08.11.19<\/td><td>Standard-Versicherungen und Grundbegriffe<\/td><\/tr><tr><td>Uzun<\/td><td>15.11.19<\/td><td>Elementare Finanzmathematik<\/td><\/tr><tr><td>Eckardt<\/td><td>15.11.19<\/td><td>Biometrie<\/td><\/tr><tr><td>\u00d6ks\u00fcz <\/td><td>06.12.19<\/td><td>Erwartete Barwerte<\/td><\/tr><tr><td>Yilmaz<\/td><td>06.12.19<\/td><td>Kosten und Pr\u00e4mien<\/td><\/tr><tr><td>Kong<\/td><td>13.12.19<\/td><td>Deckungskapital<\/td><\/tr><tr><td>Fels<\/td><td>13.12.19<\/td><td>\u00dcberschussbeteiligung<\/td><\/tr><tr><td>Kirli<\/td><td>20.12.19<\/td><td>Vertrags\u00e4nderung und Garantiewerte<\/td><\/tr><tr><td>Daldrup<\/td><td>20.12.19<\/td><td>Fondsgebundene Versicherungen<\/td><\/tr><\/tbody><\/table><\/figure>\n\n\n\n<p><br><\/p>\n","protected":false},"excerpt":{"rendered":"<p>Lebensversicherungsmathematik Das Seminar wird aus zwei Teilen bestehen. In den ersten Wochen werden wir durch Vortr\u00e4ge der ersten Gruppe von Studierenden die Grundlagen der Lebensversicherungsmathematikkennenlernen. Im Anschluss daran wird die zweite Gruppe ein konkretes Optimierungsproblem aus der Praxis l\u00f6sen. Es &hellip; <a href=\"https:\/\/www.mi.uni-koeln.de\/wp-znikolic\/veranstaltungen-2\/2019-2020-wintersemester\/\">Weiterlesen <span class=\"meta-nav\">&rarr;<\/span><\/a><\/p>\n","protected":false},"author":1,"featured_media":0,"parent":1416,"menu_order":19,"comment_status":"closed","ping_status":"closed","template":"sidebar-page.php","meta":[],"_links":{"self":[{"href":"https:\/\/www.mi.uni-koeln.de\/wp-znikolic\/wp-json\/wp\/v2\/pages\/1910"}],"collection":[{"href":"https:\/\/www.mi.uni-koeln.de\/wp-znikolic\/wp-json\/wp\/v2\/pages"}],"about":[{"href":"https:\/\/www.mi.uni-koeln.de\/wp-znikolic\/wp-json\/wp\/v2\/types\/page"}],"author":[{"embeddable":true,"href":"https:\/\/www.mi.uni-koeln.de\/wp-znikolic\/wp-json\/wp\/v2\/users\/1"}],"replies":[{"embeddable":true,"href":"https:\/\/www.mi.uni-koeln.de\/wp-znikolic\/wp-json\/wp\/v2\/comments?post=1910"}],"version-history":[{"count":11,"href":"https:\/\/www.mi.uni-koeln.de\/wp-znikolic\/wp-json\/wp\/v2\/pages\/1910\/revisions"}],"predecessor-version":[{"id":2427,"href":"https:\/\/www.mi.uni-koeln.de\/wp-znikolic\/wp-json\/wp\/v2\/pages\/1910\/revisions\/2427"}],"up":[{"embeddable":true,"href":"https:\/\/www.mi.uni-koeln.de\/wp-znikolic\/wp-json\/wp\/v2\/pages\/1416"}],"wp:attachment":[{"href":"https:\/\/www.mi.uni-koeln.de\/wp-znikolic\/wp-json\/wp\/v2\/media?parent=1910"}],"curies":[{"name":"wp","href":"https:\/\/api.w.org\/{rel}","templated":true}]}}