{"id":2000,"date":"2022-09-23T16:07:43","date_gmt":"2022-09-23T14:07:43","guid":{"rendered":"https:\/\/www.mi.uni-koeln.de\/wp-znikolic\/?page_id=2000"},"modified":"2024-05-10T16:52:36","modified_gmt":"2024-05-10T14:52:36","slug":"2022-2023-wintersemester","status":"publish","type":"page","link":"https:\/\/www.mi.uni-koeln.de\/wp-znikolic\/veranstaltungen-2\/2022-2023-wintersemester\/","title":{"rendered":"2022\/2023 Wintersemester"},"content":{"rendered":"\n<p class=\"has-text-align-center has-black-color has-text-color has-background has-medium-font-size\" style=\"background-color:#91c0de\"><strong>Verdichtung von Versicherungspolicen  <\/strong>&#8211; Programmierwettbewerb<\/p>\n\n\n\n<p>Zur Durchf\u00fchrung von stochastischen Projektionen von Lebensversicherungs- und Krankenversicherungs-Portfolien werden in der Praxis Verdichtungen von Versicherungspolicen durchgef\u00fchrt. Darunter versteht man die Identifizierung von \u201c\u00e4hnlichen\u201d Vertr\u00e4gen, um sie in Clustern zusammenzufassen und lediglich einen Vertreter des Clusters zu projizieren. Durch die Verdichtung ben\u00f6tigen Lebens- und Krankenversicherer bei den stochastischen Projektionen erheblich weniger Rechenkapazit\u00e4ten.<\/p>\n\n\n\n<p>Im Seminar werden wir das Problem der Portfolienverdichtung kennenlernen. Die Teilnehmenden werden im Anschluss die gleichen Datens\u00e4tze, bestehend aus Tausenden von Versicherungspolicen, erhalten und anschlie\u00dfend eigene, m\u00f6glichst effiziente Algorithmen in Python schreiben und diese vorstellen.<\/p>\n\n\n\n<p>Die Programmierl\u00f6sungen sollen selbstst\u00e4ndig erarbeitet werden. Es werden lediglich die Daten zur Verf\u00fcgung gestellt und das Problem beschrieben. Die mathematische L\u00f6sung des Problems ist Teil der Seminarleistung. Es ist m\u00f6glich und zu empfehlen, die Leistung in zweier Gruppen zu erbringen.<\/p>\n\n\n\n<p>F\u00fcr die besten Programmierleistungen sind Geldpreise &#8211; finanziert von einer aktuariellen Beratung &#8211; vorgesehen. Die genauen Bedingungen werden zu Beginn des Seminars preisgegeben.<\/p>\n\n\n\n<p>Die Voraussetzung f\u00fcr die Teilnahme sind:<\/p>\n\n\n\n<ul><li>Interesse an der selbstst\u00e4ndigen Erstellung eines Programms zur mathematischen L\u00f6sung des Verdichtungsproblems<\/li><li>Inhaltliches Interesse an den Fragestellungen der Versicherungs- und Finanzmathematik.<\/li><\/ul>\n\n\n\n<p>Anmeldung erfolgt per E-Mail, diese ist unter&nbsp;<a href=\"https:\/\/www.mi.uni-koeln.de\/wp-znikolic\/\"><\/a><a href=\"https:\/\/www.mi.uni-koeln.de\/wp-znikolic\/kontakt\/\">https:\/\/www.mi.uni-koeln.de\/wp-znikolic\/kontakt\/<\/a>&nbsp;zu finden.<\/p>\n\n\n\n<p>Bitte melden Sie sich mit einer aussagekr\u00e4ftigen Bewerbung an, welche u. a. folgende Angaben enthalten soll:<\/p>\n\n\n\n<ul><li>Ihre bisher besuchten (relevanten) Veranstaltungen,<\/li><li>alle relevanten Praktika, Werkstudierendent\u00e4tigkeiten, Seminararbeiten usw., welche mit dem Thema des Seminars zusammenh\u00e4ngen k\u00f6nnen,<\/li><li>weshalb Sie sich f\u00fcr dieses Thema interessieren,<\/li><li>ob Sie das Seminar im Rahmen des Versicherungsmoduls mit 3 Leistungspunkten oder als Seminar mit 6 Leistungspunkten belegen m\u00f6chten.<\/li><\/ul>\n\n\n\n<p>Gerne k\u00f6nnen Sie Ihre Bewerbung um weitere Punkte erg\u00e4nzen. Die Bewerbung soll vor allem glaubhaft vermitteln, dass Sie sich f\u00fcr das behandelte Thema interessieren und mehr dar\u00fcber lernen m\u00f6chten.<\/p>\n","protected":false},"excerpt":{"rendered":"<p>Verdichtung von Versicherungspolicen &#8211; Programmierwettbewerb Zur Durchf\u00fchrung von stochastischen Projektionen von Lebensversicherungs- und Krankenversicherungs-Portfolien werden in der Praxis Verdichtungen von Versicherungspolicen durchgef\u00fchrt. Darunter versteht man die Identifizierung von \u201c\u00e4hnlichen\u201d Vertr\u00e4gen, um sie in Clustern zusammenzufassen und lediglich einen Vertreter des &hellip; <a href=\"https:\/\/www.mi.uni-koeln.de\/wp-znikolic\/veranstaltungen-2\/2022-2023-wintersemester\/\">Weiterlesen <span class=\"meta-nav\">&rarr;<\/span><\/a><\/p>\n","protected":false},"author":1,"featured_media":0,"parent":1416,"menu_order":8,"comment_status":"closed","ping_status":"closed","template":"sidebar-page.php","meta":[],"_links":{"self":[{"href":"https:\/\/www.mi.uni-koeln.de\/wp-znikolic\/wp-json\/wp\/v2\/pages\/2000"}],"collection":[{"href":"https:\/\/www.mi.uni-koeln.de\/wp-znikolic\/wp-json\/wp\/v2\/pages"}],"about":[{"href":"https:\/\/www.mi.uni-koeln.de\/wp-znikolic\/wp-json\/wp\/v2\/types\/page"}],"author":[{"embeddable":true,"href":"https:\/\/www.mi.uni-koeln.de\/wp-znikolic\/wp-json\/wp\/v2\/users\/1"}],"replies":[{"embeddable":true,"href":"https:\/\/www.mi.uni-koeln.de\/wp-znikolic\/wp-json\/wp\/v2\/comments?post=2000"}],"version-history":[{"count":11,"href":"https:\/\/www.mi.uni-koeln.de\/wp-znikolic\/wp-json\/wp\/v2\/pages\/2000\/revisions"}],"predecessor-version":[{"id":2388,"href":"https:\/\/www.mi.uni-koeln.de\/wp-znikolic\/wp-json\/wp\/v2\/pages\/2000\/revisions\/2388"}],"up":[{"embeddable":true,"href":"https:\/\/www.mi.uni-koeln.de\/wp-znikolic\/wp-json\/wp\/v2\/pages\/1416"}],"wp:attachment":[{"href":"https:\/\/www.mi.uni-koeln.de\/wp-znikolic\/wp-json\/wp\/v2\/media?parent=2000"}],"curies":[{"name":"wp","href":"https:\/\/api.w.org\/{rel}","templated":true}]}}