{"id":2015,"date":"2024-01-09T15:40:16","date_gmt":"2024-01-09T14:40:16","guid":{"rendered":"https:\/\/www.mi.uni-koeln.de\/wp-znikolic\/?page_id=2015"},"modified":"2024-05-10T14:20:51","modified_gmt":"2024-05-10T12:20:51","slug":"2024-sommersemester","status":"publish","type":"page","link":"https:\/\/www.mi.uni-koeln.de\/wp-znikolic\/veranstaltungen-2\/2024-sommersemester\/","title":{"rendered":"2024 Sommersemester"},"content":{"rendered":"\n<p class=\"has-text-align-center has-background has-medium-font-size\" style=\"background-color:#91c0de\"><strong><span class=\"has-inline-color has-black-color\">Maschinelles Lernen<\/span><\/strong><\/p>\n\n\n\n<p>Im Seminar werden die aktuell in diversen Anwendungsgebieten eingesetzten Methoden des maschinellen Lernens besprochen. Wir nehmen uns konkrete Methoden vor. Einige Beispiele k\u00f6nnen sein:<\/p>\n\n\n\n<ul><li>Mathematische Grundlagen<\/li><li>Modellauswahl-Algorithmen<\/li><li>Regularisierung<\/li><li>Dimensionsreduktion<\/li><li>Entscheidungsb\u00e4ume<\/li><li>Support Vector Machines<\/li><li>Neuronale Netze<\/li><\/ul>\n\n\n\n<p>Voraussetzung fur die Teilnahme ist Interesse an den Methoden des maschinellen Lernens.<\/p>\n\n\n\n<p>Anmeldung erfolgt per E-Mail, diese ist unter <a href=\"https:\/\/www.mi.uni-koeln.de\/wp-znikolic\/kontakt\/\" data-type=\"URL\" data-id=\"https:\/\/www.mi.uni-koeln.de\/wp-znikolic\/kontakt\/\">https:\/\/www.mi.uni-koeln.de\/wp-znikolic\/kontakt\/ <\/a>zu finden.<\/p>\n\n\n\n<p>Bitte melden Sie sich mit einer aussagekr\u00e4ftigen Bewerbung an, welche u. a. folgende Angaben enthalten soll:<\/p>\n\n\n\n<ul><li>Ihre bisher besuchten (relevanten) Veranstaltungen,<\/li><li>alle relevanten Praktika, Werkstudierdent\u00e4tigkeiten, Seminararbeiten usw., welche mit dem Thema des Seminars zusammenh\u00e4ngen k\u00f6nnen,<\/li><li>weshalb Sie sich f\u00fcr dieses Thema interessieren,<\/li><li>ob Sie das Seminar im Rahmen des Versicherungsmoduls mit 3 Leistungspunkten oder als Seminar mit 6 Leistungspunkten belegen m\u00f6chten,<\/li><li>ggf. mit welchem anderen Teilnehmer Sie das zugewiesene Thema bearbeiten m\u00f6chten,<\/li><li>ggf. ob Sie ein ganz konkretes Thema aus dem Buch bearbeiten m\u00f6chten.<\/li><\/ul>\n\n\n\n<p>Gerne k\u00f6nnen Sie Ihre Bewerbung um weitere Punkte erg\u00e4nzen. Die Bewerbung soll vor allem glaubhaft vermitteln, dass Sie sich f\u00fcr das behandelte Thema interessieren und mehr dar\u00fcber lernen m\u00f6chten.<\/p>\n\n\n\n<p class=\"has-text-color\" style=\"color:#4087b4\"><strong>Literatur:<\/strong><\/p>\n\n\n\n<div class=\"wp-block-group\"><div class=\"wp-block-group__inner-container\">\n<ul><li>Hastie, T., Tibshirani, R., Friedmann, J.: The Elements of Statistical Learning-Data Mining, Inference, and Prediction, Second Edition, Springer New York, NY (2009), <a href=\"https:\/\/doi.org\/10.1007\/978-0-387-84858-7\" data-type=\"URL\" data-id=\"https:\/\/doi.org\/10.1007\/978-0-387-84858-7\">https:\/\/doi.org\/10.1007\/978-0-387-84858-7<\/a> .<\/li><\/ul>\n<\/div><\/div>\n","protected":false},"excerpt":{"rendered":"<p>Maschinelles Lernen Im Seminar werden die aktuell in diversen Anwendungsgebieten eingesetzten Methoden des maschinellen Lernens besprochen. Wir nehmen uns konkrete Methoden vor. Einige Beispiele k\u00f6nnen sein: Mathematische Grundlagen Modellauswahl-Algorithmen Regularisierung Dimensionsreduktion Entscheidungsb\u00e4ume Support Vector Machines Neuronale Netze Voraussetzung fur die &hellip; <a href=\"https:\/\/www.mi.uni-koeln.de\/wp-znikolic\/veranstaltungen-2\/2024-sommersemester\/\">Weiterlesen <span class=\"meta-nav\">&rarr;<\/span><\/a><\/p>\n","protected":false},"author":1,"featured_media":0,"parent":1416,"menu_order":0,"comment_status":"closed","ping_status":"closed","template":"sidebar-page.php","meta":[],"_links":{"self":[{"href":"https:\/\/www.mi.uni-koeln.de\/wp-znikolic\/wp-json\/wp\/v2\/pages\/2015"}],"collection":[{"href":"https:\/\/www.mi.uni-koeln.de\/wp-znikolic\/wp-json\/wp\/v2\/pages"}],"about":[{"href":"https:\/\/www.mi.uni-koeln.de\/wp-znikolic\/wp-json\/wp\/v2\/types\/page"}],"author":[{"embeddable":true,"href":"https:\/\/www.mi.uni-koeln.de\/wp-znikolic\/wp-json\/wp\/v2\/users\/1"}],"replies":[{"embeddable":true,"href":"https:\/\/www.mi.uni-koeln.de\/wp-znikolic\/wp-json\/wp\/v2\/comments?post=2015"}],"version-history":[{"count":8,"href":"https:\/\/www.mi.uni-koeln.de\/wp-znikolic\/wp-json\/wp\/v2\/pages\/2015\/revisions"}],"predecessor-version":[{"id":2436,"href":"https:\/\/www.mi.uni-koeln.de\/wp-znikolic\/wp-json\/wp\/v2\/pages\/2015\/revisions\/2436"}],"up":[{"embeddable":true,"href":"https:\/\/www.mi.uni-koeln.de\/wp-znikolic\/wp-json\/wp\/v2\/pages\/1416"}],"wp:attachment":[{"href":"https:\/\/www.mi.uni-koeln.de\/wp-znikolic\/wp-json\/wp\/v2\/media?parent=2015"}],"curies":[{"name":"wp","href":"https:\/\/api.w.org\/{rel}","templated":true}]}}